= -j**3 - 4*j**2 + 2*j + 3. Determine i(-5).
18
Let b(m) = -m**2 + 54*m + 239. Give b(58).
7
Let v(c) = -c**3 + 14*c**2 - c + 7. Determine v(14).
-7
Let j(d) = -d - 2. Determine j(13).
-15
Let f(d) = 3*d**2 - 3*d + 3. Determine f(3).
21
Let a(l) = l**2 - l - 13. What is a(6)?
17
Let y(p) = p**3 - 10*p**2 - 13*p + 12. Determine y(11).
-10
Let v(s) = -6*s. Give v(-10).
60
Let t(n) = -2*n + 7. What is t(20)?
-33
Let j(d) = -d - 13. Give j(-10).
-3
Let k(t) = t**2 + 7*t - 47. Give k(4).
-3
Let q(i) = 14*i + 1. Determine q(1).
15
Let o(v) = 39*v - 2. Give o(-5).
-197
Let z(v) = -v**2 + 13*v + 33. What is z(12)?
45
Let x(y) = -y**2 + y + 22. Determine x(8).
-34
Let d(p) = 7*p + 8. Determine d(12).
92
Let d(y) = y**2 + 2*y + 2. What is d(-4)?
10
Let h(l) = 6*l + 87. Give h(-16).
-9
Let m(a) = -14*a**3 + a**2. Determine m(1).
-13
Let w(d) = -d**2 - 14*d + 25. What is w(-17)?
-26
Let t(o) = -o**3 + 4*o**2 - 2*o - 4. What is t(5)?
-39
Let z(x) = -2*x + 24. Determine z(-5).
34
Let z(x) = x**2 - 13*x - 133. Give z(-7).
7
Let v(k) = 5*k - 10. Give v(-13).
-75
Let m(v) = v**3 + 17*v**2 + 63*v + 13. Give m(-5).
-2
Let p(t) = 3*t - 18. Determine p(4).
-6
Let i(f) = 5*f - 50. Give i(6).
-20
Let w(o) = o**3 - 31*o**2 - 70*o + 140. Determine w(33).
8
Let s(t) = -11*t + 1. Determine s(2).
-21
Let q(n) = -n**3 - n**2 + 3*n + 2. Calculate q(-3).
11
Let z(j) = 3*j**2 + 3*j + 5. Determine z(5).
95
Let c(b) = -2*b**3 - 3*b**2 - 3*b. Give c(-1).
2
Let w(x) = -6*x**2 - 10*x - 19. Give w(-3).
-43
Let a(t) = 14*t**2 - 3*t - 1. Give a(-1).
16
Let z(c) = -17*c + 196. Calculate z(12).
-8
Let v(r) = -2*r**3 - 10*r**2 + 8*r - 17. Give v(-6).
7
Let r(o) = 3*o - 19. What is r(13)?
20
Let t(j) = -j**3 + 32*j**2 - 157*j - 5. Determine t(26).
-31
Let h(x) = x**3 + x**2 + 5. What is h(0)?
5
Let l(n) = 9*n - 10. Determine l(3).
17
Let q(l) = -18*l - 26. What is q(-1)?
-8
Let i(y) = 10*y - 6. Determine i(6).
54
Let r(y) = -y**3 + 16*y**2 + 13*y + 41. Calculate r(17).
-27
Let u(y) = y**3 - 5*y**2 + y + 8. Calculate u(3).
-7
Let b(g) = 2*g - 1. Calculate b(7).
13
Let k(g) = -g**2 - 19*g - 46. Determine k(-16).
2
Let t(q) = 3*q - 95. Give t(16).
-47
Let o(z) = -z**2 + 8*z - 10. Determine o(6).
2
Let j(x) = -2*x**3 + 2*x**2 + 2*x - 1. Determine j(-2).
19
Let z(w) = -w**3 + 3*w**2 + 5*w - 15. What is z(3)?
0
Let l(a) = -2*a - 6. What is l(-8)?
10
Let f(i) = 2*i**2 - 23*i - 24. What is f(-1)?
1
Let g(a) = -a**2 - 17*a + 133. Give g(6).
-5
Let q(u) = -u**2 - 4*u + 6. Calculate q(-5).
1
Let k(l) = -2*l + 8. Determine k(6).
-4
Let n(q) = -q**3 - 2*q**2 + q - 4. Calculate n(-4).
24
Let t(s) = -s**2 - 7*s + 30. Give t(3).
0
Let o(u) = u**2 - 34*u + 204. What is o(26)?
-4
Let z(y) = 20*y + 184. Determine z(-9).
4
Let s(x) = -2*x - 30. Calculate s(-13).
-4
Let k(a) = a**2 - 23*a - 27. Determine k(24).
-3
Let b(g) = -6*g**2 + g - 2. Determine b(2).
-24
Let r(t) = 7*t + 3. Determine r(-2).
-11
Let l(t) = -6*t - 101. Determine l(-16).
-5
Let h(x) = -x**3 + 16*x + 8. Calculate h(-4).
8
Let n(z) = -4*z + 99. Determine n(21).
15
Let b(k) = -k**3 - 3*k**2 - 3*k. Give b(-3).
9
Let w(c) = -c**3 + 2*c**2 + 7*c - 5. Calculate w(3).
7
Let t(b) = -b**2 - 3*b + 10. Determine t(4).
-18
Let n(u) = -u**3 + u**2 + 13*u + 1. Give n(-3).
-2
Let c(f) = -f**3 + 3*f**2 + f + 3. Determine c(3).
6
Let v(a) = a**3 + 2*a + 1. Calculate v(0).
1
Let w(m) = -m + 23. Give w(5).
18
Let y(p) = -2*p**3 - 3*p**2 + p - 2. Determine y(-3).
22
Let m(i) = 3*i**2 + 16*i - 30. Give m(-7).
5
Let j(c) = -c**3 - 14*c**2 - 10*c + 31. Calculate j(-13).
-8
Let b(i) = i**3 + 2*i**2 - 7*i - 6. Determine b(-4).
-10
Let t(h) = 101*h - 300. What is t(3)?
3
Let g(v) = -v**3 + 29*v**2 - 35*v + 189. Calculate g(28).
-7
Let n(g) = -g**2 - 3*g + 4. Give n(3).
-14
Let s(w) = w**3 - 7*w**2 - w + 49. Give s(6).
7
Let f(w) = 20*w + 448. Give f(-22).
8
Let d(p) = -p**2 + 12*p + 19. Calculate d(12).
19
Let r(d) = 2*d**2 - 32*d + 22. What is r(17)?
56
Let v(q) = q**3 + 2*q**2 + q + 10. Calculate v(0).
10
Let v(h) = -3*h - 23. Determine v(-9).
4
Let d(x) = 16*x + 29. What is d(-2)?
-3
Let v(d) = 16*d**3 - 2*d**2 + 2*d - 1. Give v(1).
15
Let f(t) = -t**3 - 16*t**2 - 17*t - 34. Calculate f(-15).
-4
Let q(k) = k**2 - 7*k + 15. Determine q(4).
3
Let v(r) = 2*r**2 - 21*r - 47. What is v(-2)?
3
Let d(b) = -5*b - 9. What is d(-6)?
21
Let t(h) = h**3 - 10*h**2 + 11*h - 9. Give t(9).
9
Let c(a) = 14*a**3 + a - 9. Give c(2).
105
Let p(i) = -19*i - 456. What is p(-24)?
0
Let g(w) = 14*w - 8. Calculate g(-1).
-22
Let g(c) = c**3 - 14*c**2 - 18*c + 48. Determine g(15).
3
Let q(r) = 14*r - 41. Give q(4).
15
Let r(j) = 3*j - 6. Determine r(9).
21
Let j(o) = o**3 - 10*o**2 - 10*o - 11. What is j(11)?
0
Let i(d) = -104*d - 196. Give i(-2).
12
Let n(z) = z**2 - 20*z + 19. Determine n(20).
19
Let t(p) = 6*p**2 + p. Determine t(1).
7
Let g(f) = -f**2 - 23*f - 20. Calculate g(-21).
22
Let z(g) = -11*g + 4. Give z(4).
-40
Let q(h) = -7*h + 5. Calculate q(10).
-65
Let u(g) = -g**2 + 14*g - 8. Determine u(14).
-8
Let j(n) = 16*n + 6. Give j(4).
70
Let h(g) = -g**3 + 7*g**2 + 12*g - 20. Give h(8).
12
Let m(o) = -o**3 - 4*o**2 + 23*o - 10. What is m(4)?
-46
Let v(n) = -n**3 - 14*n**2 - 8*n + 28. Give v(-13).
-37
Let r(f) = f**2 + f - 90. What is r(-10)?
0
Let r(v) = -2*v**3 - 28*v**2 - 5. Determine r(-14).
-5
Let d(v) = -v**2 + 8*v. What is d(1)?
7
Let v(i) = -i + 26. What is v(19)?
7
Let w(s) = -s**2 + 27*s + 4. What is w(27)?
4
Let c(g) = -g**3 - 31*g**2 - 26*g + 128. What is c(-30)?
8
Let l(u) = -u**3 + 7*u**2 - 3*u + 5. Determine l(7).
-16
Let t(f) = -4*f + 36. Determine t(13).
-16
Let x(s) = -5*s + 6. Determine x(8).
-34
Let l(y) = -6*y**2 - 46*y - 26. Determine l(-7).
2
Let i(k) = 2*k**2 - 4*k + 4. Give i(4).
20
Let u(i) = i**2 - 2*i - 12. Determine u(5).
3
Let q(z) = -z**2 + 13*z - 5. Determine q(14).
-19
Let y(k) = -k**3 - 37*k**2 + 39*k + 55. Give y(-38).
17
Let d(l) = l**2 + 2*l - 250. What is d(-17)?
5
Let z(j) = 9*j**2 - 72*j - 8. Determine z(8).
-8
Let r(s) = -79*s - 57. Give r(-1).
22
Let g(a) = -a**3 - 15*a**2 + 16*a + 8. Determine g(-16).
8
Let f(z) = -7*z + 2. What is f(1)?
-5
Let l(x) = -2*x + 1. Calculate l(11).
-21
Let h(x) = 84*x - 176. Calculate h(2).
-8
Let u(c) = -8*c + 38. Give u(19).
-114
Let q(m) = 2*m. Calculate q(7).
14
Let v(f) = -f**2 - 5*f + 11. Determine v(-5).
11
Let s(x) = -308*x - 5. What is s(0)?
-5
Let w(g) = g + 58. What is w(-30)?
28
Let s(v) = -v**3 - 2*v**2 + 12*v - 14. Calculate s(-5).
1
Let k(j) = j - 1. Determine k(-7).
-8
Let d(l) = -2*l**3 - 30*l**2 + 2*l + 41. Determine d(-15).
11
Let n(w) = 2*w**3 - 78*w**2 - 3. Calculate n(39).
-3
Let m(t) = 2*t**2 - 16*t + 5. Calculate m(6).
-19
Let b(x) = -15*x - 1090. Calculate b(-72).
-10
Let y(x) = 6*x**2 - 11*x - 13. What is y(3)?
8
Let l(d) = -d**2 + 14*d + 21. Calculate l(15).
6
Let j(q) = q**2 - 14*q + 6. What is j(14)?
6
Let o(z) = z**2 + 1. Give o(-5).
26
Let u(r) = -2*r**2 - 28*r - 26. Calculate u(-14).
-26
Let l(w) = 9*w**3 - 2*w**2 + 2. What is l(-1)?
-9
Let u(h) = -h**3 - 2*h**2 + 3*h. Give u(-2).
-6
Let u(y) = -20*y + 336. Calculate u(17).
-4
Let c(a) = 12*a + 1. Give c(1).
13
Let j(w) = -4*w - 40. Give j(-10).
0
Let q(o) = -6*o + 63. What is q(11)?
-3
Let q(k) = -k**3 - k**2 + 4*k - 2. What is q(0)?
-2
Let r(w) = -w**2 + 16*w - 50. What is r(5)?
5
Let r(q) = -q**2 + 49*q - 1. Give r(0).
-1
Let v(q) = q**3 - 21*q**2 + q - 26. What is v(21)?
-5
Let l(s) = -s**3 - 5*s**2 + 2*s - 20. Determine l(-6).
4
Let t(z) = -z**3 - 9*z**2 - 13*z - 6. Determine t(-7).
-13
Let z(h) = 9*h - 33. What is z(6)?
21
Let x(c) = 5*c - 104. What is x(11)?
-49
Let o(n) = -n**3 + 44*n**2 + 44*n + 55. Calculate o(45).
10
Let p(j) = 5*j + 98. What is p(-21)?
-7
Let k(m) = m**3 + m**2 + 7*m + 11. Calculate k(-3).
-28
Let d(v) = 5*v**3 - 8*v**2 + 9*v - 2. Give d(1).
4
Let z(g) = g**3 - 13*g**2 + 5*g - 43. What is z(13)?
22
Let n(j) = j**2 - 3*j - 20. Calculate n(-4).
8
Let q(t) = 3*t + 3. What is q(4)?
15
Let k(s) = -s**2 + 12*s - 9. What is k(11)?
2
Let w(c) = -3*c - 14. Calculate w(-6).
4
Let k(m) = 4*m + 291. What is k(-72)?
3
Let j(t) = -t**3 + 7*t**2 - 7*t + 6. Determine j(6).
0
Let p(v) = -7*v - 66. Determine p(-11).
11
Let d(u) = -2*u - 9. What is d(-11)?
13
Let k(n) = n**2 + 12*n - 5. What is k(-12)?
-5
Le